q. Is f a prime number?
False
Let p = 37 - 37. Suppose 0 = 4*y + g - 3251, -3*y + 4*g - 2*g + 2452 = p. Suppose 4*n - 2*z - y = 0, -561 - 49 = -3*n + z. Is n a prime number?
False
Let f = -2601 - -12790. Is f a composite number?
True
Let o(z) be the third derivative of -z**4/24 + z**3/3 - 2*z**2. Let h be o(0). Suppose m - 1503 = -h*f, 2*f - 2*m - 800 - 712 = 0. Is f prime?
False
Suppose -108 = -50*f + 68*f. Let r(v) = 9*v**2 - 4*v - 17. Is r(f) prime?
True
Let t(d) = -d**3 + 5*d**2 + 6*d + 54. Let h be t(7). Is (7/(35/(-28850)))/h prime?
False
Let l(y) = -25*y**3 - 18*y**2 + 417*y + 77. Is l(-24) composite?
False
Let j(p) = 25*p**3 - 14*p**2 + 18*p - 48. Let z be j(7). Suppose 0 = 92*g - 93*g + z. Is g a composite number?
True
Let o = 10 + -5. Let z = -2023 + 4653. Suppose z = -o*k + 7*k. Is k a composite number?
True
Suppose 2*j = 3*b + 2, -4*j = 7*b - 4*b - 22. Is 3 + (3325 - 13) + b*1 prime?
False
Suppose -4090 = -8*k + 9*k. Let z = k - -6024. Suppose -4877 = -5*b + 2*q, 4*b = 6*b - 5*q - z. Is b a prime number?
True
Let r = 43723 + 729248. Is r a composite number?
True
Suppose -258 = -9*v + 354. Let l = 68 - v. Suppose l*r + r = 1055. Is r a composite number?
True
Suppose 0 = 5*d - 4*r - 438607, -11*d + 14*d - 2*r = 263163. Is d a prime number?
True
Let d(g) = -g**3 - 3*g**2 + 4*g + 702. Let a be d(0). Is -20 + 18 + a*356/8 a composite number?
False
Let a be 2 - (-2 - 28102)/2. Suppose 4*w = -5*v + 17552, 8*v - 4*v - 3*w = a. Suppose 5*k - v = -3*k. Is k a composite number?
False
Let b = 200483 - 73788. Is b prime?
False
Let p(o) = -421*o**2 + 37*o + 5. Let j(v) = 420*v**2 - 37*v - 7. Let f(d) = -5*j(d) - 6*p(d). Is f(4) prime?
True
Let h(l) = 14*l**3 - 18*l**2 - 27*l - 36. Is h(13) a prime number?
True
Let x(d) = d**2 + 8*d + 12. Let j = 47 - 52. Let s be x(j). Let v(y) = -403*y + 4. Is v(s) a composite number?
False
Let p(c) be the third derivative of c**6/120 - c**5/10 + 5*c**4/8 + 13*c**3/6 + 41*c**2. Let b = -5 - -15. Is p(b) composite?
False
Let t(y) = -12*y**3 - 5*y**2 + 105*y + 899. Is t(-18) a composite number?
True
Suppose 193 = -5*r - 1502. Let w = r - -904. Is w a composite number?
True
Let x = 918 - 1491. Let b(y) = 50*y - 117. Let f be b(4). Is x/(-12)*(9 + f) a prime number?
False
Suppose 3*d + 391 = 10. Is -3 - (d - 0)/(9/18) a prime number?
True
Let z be (-66)/1*2/4. Let b = -1384 + 1448. Let g = z + b. Is g composite?
False
Let y(l) = 40*l**2 - 22*l + 305. Let u be y(12). Let b = -3342 + u. Is b a composite number?
False
Suppose 5*g - 2*z - 205 = 2*g, -4*z = 3*g - 175. Let p = -993 + 495. Let q = g - p. Is q a composite number?
False
Suppose -4*w = 8, -3*w - 4 = -i + 4. Is i/10 + (-369552)/(-40) a prime number?
True
Suppose -4*k + 3 = -9. Suppose 2*f - k*f = -3. Suppose 4*w + 469 = -f*x + 14980, -3*x = -w - 14511. Is x composite?
True
Suppose 0 = 4*u - q - 227071, -19*q + 283836 = 5*u - 23*q. Let c = u - 34999. Is c prime?
False
Let r be 18*((-20)/(-9) - 2). Suppose 2*a - r*a = -10, -3*m + 2*a + 9071 = 0. Is m prime?
False
Let w(d) be the third derivative of d**8/2880 - d**7/168 - d**6/120 - d**5/10 - d**2. Let x(r) be the third derivative of w(r). Is x(7) prime?
True
Suppose -r + 2*r = 1, 5*n + 3*r - 44968 = 0. Suppose -2177 = 4*c - 4*k - n, -c - k = -1708. Is c prime?
False
Let g(w) = 2*w**3 + w**2 + w + 1. Let l be g(-1). Suppose 507 - 531 = -12*n. Is (650/8 - l) + n/(-8) composite?
True
Suppose 58078121 - 9029196 = 25*c. Is c a composite number?
False
Let r(c) = -c**3 + 20*c**2 - 18*c - 28. Let g be r(19). Let t(a) = -394*a + 61. Let q(b) = -131*b + 20. Let k(j) = -17*q(j) + 6*t(j). Is k(g) composite?
False
Let q be 6/(-4)*16/12 + -13. Is q/3 + 8/1 - -4438 composite?
False
Let j(v) = -4*v + 3*v**3 - 67*v**2 + 61*v**2 - 21*v**2 - 3 + 0*v**3 - 6. Is j(11) prime?
True
Suppose 7 = -k, -5*z + 7*z = 4*k + 184946. Is z a prime number?
True
Let j(b) = 546*b**2 + 31*b. Let o = 218 + -221. Is j(o) a prime number?
False
Let b = 93 - 66. Let d = b - 25. Suppose d*p = 412 + 240. Is p a composite number?
True
Suppose -228*j + 231*j = 36. Is -639*(44/j - 4) a composite number?
True
Suppose 0 = 2*r - 3*l - 1, 0 = 5*r + 10*l - 11*l - 35. Is r/36 + 367465/63 a composite number?
True
Let g(x) = x**2 - 20*x + 16. Let i be g(19). Let l be 2809 - (i/(-4) + 24/(-32)). Is 22/(-77) + l/7 composite?
False
Let s = -7 + 4. Let v(i) be the second derivative of -i**5/5 - i**4/12 + i**3/3 - 3*i**2 - 5*i + 7. Is v(s) a prime number?
False
Let m(u) = -41 + 12*u**2 - 4*u**2 - u - 4*u - 13. Let p be (-132)/44 - (-8 + 0)/(-2). Is m(p) composite?
False
Let h(v) = 10*v**2 + 655 - 320 - 319 + 15*v. Is h(-21) composite?
False
Let f(v) = -9*v + 52. Let k be f(6). Is (-1441 - k/1)/(-1) composite?
False
Let j be (-1)/(3/64447) + (-13)/(-39). Let o = j - -32751. Is o a composite number?
True
Suppose -490*h = -504*h + 492478. Is h composite?
True
Let x(a) be the first derivative of -129*a**2/2 - 20*a + 20. Let v(o) = 258*o + 41. Let q(d) = -3*v(d) - 7*x(d). Is q(8) prime?
True
Suppose -2*p = -5*a - 27 - 48, 0 = -3*p - a + 70. Suppose 2*c - 2*s = 42330, -p*c - 5*s = -21*c - 84642. Is c a prime number?
True
Let d be 44/6*(-12393)/18. Let p = 13712 + d. Is p a prime number?
True
Let p be (-52)/3*(-186)/4. Let i = -214 + -355. Let j = i + p. Is j prime?
False
Suppose 36*c + 70*c = 6076874. Is c prime?
True
Suppose 5339465 = 40*z - 3584015. Is z a composite number?
False
Let c = 3470 + 3525. Is c a prime number?
False
Suppose -24 = 706*z - 712*z. Suppose 0*m - 3*m + 27291 = z*u, -4*u - 9113 = -m. Is m a prime number?
False
Let y be ((-64)/(-10))/4 - 14/(-35). Let l(g) = -3*g - 4 + 16*g**3 + 5*g + 3*g**2 - 3*g. Is l(y) a composite number?
True
Let f be ((-1)/10)/((-2)/4)*25. Suppose -r + 2*r = f, o + 2*r - 2255 = 0. Is o prime?
False
Let v(l) be the second derivative of -l**5/20 + l**4/12 + 5*l**3/6 + 11*l**2 - 68*l. Is v(-7) a composite number?
False
Suppose 101471 = 3*r - 2*s, -13 = -3*s - 16. Is r a prime number?
False
Let r(t) = -5*t - 2. Let i(v) = -11*v - 4. Let f(p) = 3*i(p) - 7*r(p). Let x be f(1). Let a(y) = 34*y - 18. Is a(x) a prime number?
False
Let r be ((-3)/(-12))/(3/181416). Is (r/(-6))/((-1)/3) a prime number?
True
Suppose 76381 = 3*d + 2*x, -x = -4*d + 158414 - 56580. Is d composite?
True
Suppose 153 = 3*l + 144. Suppose l*w - 8784 - 9579 = 0. Is w a composite number?
False
Let x be (40 - 18)/(1/(-4)). Is (2199/4 - -1)/((-22)/x) composite?
False
Suppose -l + 100 = -3*n, -5*n = 2*l - 148 - 8. Let x = 78 - l. Is (2/6*-1)/(x/15060) composite?
True
Suppose 25900 = 2*v - s, 5*v - 21*s + 20*s = 64753. Let a = v + 20612. Is a a composite number?
False
Let m(r) = 314*r**3 - 3*r**2 - 4*r - 15. Is m(4) a prime number?
False
Is ((-4)/(-20)*-18295)/(-1) composite?
False
Suppose 16*t - 202774 = -x + 11*t, 2*x - 3*t - 405613 = 0. Is x a prime number?
True
Suppose -18*m - 2*m = -46*m + 517114. Is m a composite number?
False
Is 1648155/3 - 912/(-57) a prime number?
False
Let l(y) be the third derivative of -11*y**6/120 + y**5/30 - y**3/6 + 17*y**2. Let g be l(1). Is g/(-40)*3236 + -1*2 a prime number?
False
Let m(o) = 3*o + 6. Let f be m(23). Suppose 3*x - f = -63. Suppose c + 1023 = x*c. Is c prime?
False
Suppose 9*k - 4*k = -5*v - 4040, 0 = 2*v + 2. Suppose -n = 2*r - 2878, 2*r - 2902 = -0*r + 5*n. Let w = k + r. Is w prime?
False
Let g(d) = d**2 - 13*d + 14. Let a be g(12). Suppose a*m - 502 + 0 = 0. Is m prime?
True
Let k(r) = 672*r**3 - 1429*r**3 + 609*r**3 + 6*r + 11 + r**2. Is k(-2) composite?
False
Suppose 4*l = -3*c - 6796, 2313 = 2*c - 3*l + 6838. Let i = c + 3682. Is i a prime number?
False
Suppose -5*p + 67 = 42. Let a be 4 - p/(5/2). Suppose -a*g + 3 = 5, -7353 = -5*h - 2*g. Is h composite?
False
Let m(q) = -6*q**3 - 43*q**2 + 163*q + 145. Is m(-28) a composite number?
False
Let t(o) = 13 - 18 + 8*o**2 - 22 + 11*o. Is t(8) composite?
True
Let o = -162 + 659. Suppose 6*j + o = 2573. Suppose 3*w - j - 1007 = 0. Is w composite?
True
Suppose 0 = -7*d + 6*d + 11. Let u(t) = -t**3 + 11*t**2. Let c be u(d). Suppose -2*i + c*v + 4*v = -304, -3*i + 5*v + 459 = 0. Is i composite?
True
Let x be (198/(-110))/(6/(-20)). Let n be (-3 - -3)/(-4 + x). Is n - -1 - -2 - -82 prime?
False
Suppose 0 = -10*v + 348239 + 56291. Is v composite?
True
Suppose -15*a = -39520